?
False
Is 56471 a multiple of 379?
True
Does 2 divide 24663?
False
Is 74752 a multiple of 146?
True
Is 749 a factor of 114597?
True
Is 29 a factor of 49590?
True
Does 11 divide 5292188?
True
Is 158 a factor of 143148?
True
Is 4450212 a multiple of 1924?
True
Is 1964202 a multiple of 226?
False
Is 4339328 a multiple of 248?
False
Does 133 divide 32718?
True
Is 437502 a multiple of 79?
True
Is 406 a factor of 6412364?
True
Is 3 a factor of 29950?
False
Is 6539327 a multiple of 381?
False
Is 1767182 a multiple of 23?
True
Is 119290 a multiple of 26?
False
Does 80 divide 508291?
False
Does 5 divide 19495?
True
Does 14 divide 263548?
False
Is 111 a factor of 5981790?
True
Does 334 divide 439723?
False
Does 29 divide 3009330?
True
Is 675600 a multiple of 30?
True
Does 705 divide 2141915?
False
Is 4 a factor of 8053512?
True
Is 287 a factor of 272363?
True
Does 107 divide 8223164?
True
Is 9 a factor of 51537?
False
Is 17 a factor of 13111046?
True
Does 43 divide 3442922?
False
Is 233 a factor of 34240?
False
Does 20 divide 4825580?
True
Is 3928896 a multiple of 38?
True
Is 618 a factor of 1142853?
False
Is 151016 a multiple of 8?
True
Does 7 divide 909195?
True
Is 331376 even?
True
Is 50 a factor of 175700?
True
Is 9646 a multiple of 26?
True
Is 8 a factor of 837056?
True
Is 40809 a multiple of 3?
True
Is 1151764 a multiple of 180?
False
Is 75 a factor of 398400?
True
Does 27 divide 528399?
False
Does 2 divide 5685?
False
Is 215883 a multiple of 51?
True
Does 4 divide 82733?
False
Is 30790 a multiple of 5?
True
Does 15 divide 915545?
False
Is 282618 a multiple of 31?
False
Is 307 a multiple of 4?
False
Is 8563 a multiple of 26?
False
Does 9 divide 73071?
True
Is 3 a factor of 22362?
True
Does 12 divide 2214906?
False
Is 4 a factor of 931012?
True
Is 1109163 a multiple of 33?
True
Is 2605590 a multiple of 442?
True
Does 58 divide 906946?
True
Is 10 a factor of 3192510?
True
Is 3196474 a multiple of 749?
False
Is 51 a factor of 482423?
False
Does 11 divide 18815933?
False
Is 1006 a factor of 13075696?
False
Does 40 divide 2600840?
True
Does 9 divide 1840050?
True
Is 3 a factor of 34498?
False
Does 19 divide 469278?
False
Is 36 a factor of 201220?
False
Does 738 divide 4363056?
True
Is 110496 a multiple of 64?
False
Is 56423 a multiple of 4?
False
Is 68658 a multiple of 6?
True
Is 847363 even?
False
Does 529 divide 10043850?
False
Is 2 a factor of 131109?
False
Is 3078262 a multiple of 22?
True
Is 42 a factor of 102312?
True
Does 57 divide 169233?
True
Does 14 divide 41600096?
False
Is 159 a factor of 152704?
False
Is 401166 a multiple of 342?
True
Is 37061 a multiple of 151?
False
Does 34 divide 649922?
False
Is 1132943 a multiple of 61?
False
Does 442 divide 497250?
True
Does 8 divide 103650?
False
Does 54 divide 566838?
True
Is 24932 a multiple of 11?
False
Is 9 a factor of 71964?
True
Does 107 divide 412913?
True
Is 12 a factor of 5059383?
False
Is 84 a factor of 294084?
True
Does 6 divide 11163894?
True
Does 9 divide 7298298?
True
Does 192 divide 125760?
True
Is 10 a factor of 7219077?
False
Does 50 divide 59535?
False
Is 76957 a multiple of 14?
False
Does 10 divide 436310?
True
Is 240999 even?
False
Does 5 divide 43564?
False
Does 25 divide 1539471?
False
Is 303 a factor of 316386?
False
Is 2864030 a multiple of 26?
True
Is 160 a factor of 854400?
True
Does 9 divide 155626?
False
Is 807192 a multiple of 111?
True
Is 13655070 a multiple of 494?
False
Is 4403646 a multiple of 486?
True
Is 1868745 a multiple of 1185?
True
Is 114083 a multiple of 19?
False
Does 10 divide 3005440?
True
Is 1331379 a multiple of 11?
False
Does 39 divide 119262?
True
Does 316 divide 440188?
True
Does 49 divide 26852?
True
Is 1753164 a multiple of 378?
True
Is 145772 a multiple of 44?
True
Is 1878 a factor of 17533008?
True
Is 3 a factor of 16806?
True
Is 117587 a multiple of 124?
False
Is 816 a factor of 13320750?
False
Does 44 divide 376024?
True
Is 18 a factor of 557996?
False
Is 14 a factor of 314529?
False
Does 21 divide 75852?
True
Is 57 a factor of 1231907?
False
Is 87113 a multiple of 13?
True
Is 11357 a multiple of 14?
False
Is 19 a factor of 125611?
False
Is 20 a factor of 475040?
True
Is 293366 a multiple of 272?
False
Does 61 divide 1413464?
False
Does 81 divide 69509?
False
Does 12 divide 846660?
True
Is 20 a factor of 1666447?
False
Is 570514 a multiple of 14?
True
Does 38 divide 295639?
False
Is 999312 a multiple of 764?
True
Is 229284 a multiple of 44?
True
Is 479 a factor of 3292167?
True
Does 30 divide 25811?
False
Is 27 a factor of 806765?
False
Does 134 divide 1167274?
True
Is 67 a factor of 22637449?
False
Is 660 a factor of 267763?
False
Does 35 divide 10990?
True
Does 3 divide 56411?
False
Is 10398 a multiple of 343?
False
Is 11840 a multiple of 20?
True
Does 438 divide 221735?
False
Does 115 divide 8369010?
True
Is 7506 a multiple of 2?
True
Does 7 divide 12327?
True
Does 258 divide 6708?
True
Is 180657 a multiple of 27?
True
Is 27 a factor of 315144?
True
Is 6864331 a multiple of 549?
False
Is 1189106 a multiple of 354?
False
Is 197 a factor of 3480990?
True
Is 20 a factor of 93800?
True
Does 19 divide 282245?
True
Is 6716 a multiple of 2?
True
Is 914 a factor of 323556?
True
Is 7093630 a multiple of 20?
False
Does 409 divide 2020538?
False
Is 132 a factor of 222288?
True
Does 98 divide 82124?
True
Is 2 a factor of 70534?
True
Is 11 a factor of 56199?
True
Is 8051625 a multiple of 153?
True
Is 118 a factor of 1678432?
True
Does 245 divide 7428400?
True
Is 11420 a multiple of 10?
True
Is 22557300 a multiple of 255?
True
Does 82 divide 71996?
True
Is 2659008 a multiple of 192?
True
Is 25846 even?
True
Is 1146 a factor of 7601723?
False
Is 43218 a multiple of 21?
True
Is 241 a factor of 2564722?
True
Does 29 divide 27388?
False
Is 3174715 a multiple of 7?
False
Is 57988 a multiple of 28?
True
Is 89074 even?
True
Is 104 a factor of 12117872?
True
Does 39 divide 578604?
True
Does 40 divide 294840?
True
Is 173 a factor of 695514?
False
Does 21 divide 73185?
True
Is 338 a factor of 369050?
False
Does 68 divide 113797?
False
Does 44 divide 5335220?
True
Does 16 divide 287748?
False
Is 281 a factor of 36833199?
True
Is 26894 a multiple of 113?
True
Is 818088 a multiple of 101?
False
Is 320635 a multiple of 589?
False
Is 106974 a multiple of 120?
False
Is 234 a factor of 369018?
True
Is 488510 a multiple of 110?
True
Is 245530 a multiple of 8?
False
Is 29 a factor of 178154?
False
Does 337 divide 310185?
False
Is 426776 a multiple of 56?
True
Is 9 a factor of 521603?
False
Is 49 a factor of 186155?
False
Is 191 a factor of 2500521?
False
Does 43 divide 79831?
False
Is 229 a factor of 55436?
False
Is 97627 a multiple of 778?
False
Is 29 a factor of 4281745?
False
Is 309575 a multiple of 37?
False
Does 32 divide 808928?
True
Is 3195650 a multiple of 421?
False
Is 5 a factor of 280696?
False
Is 6 a factor of 31835?
False
Is 2292195 a multiple of 89?
True
Does 430 divide 7369002?
False
Does 15 divide 13885560?
True
Is 6 a factor of 69341?
False
Does 15 divide 213856?
False
Is 52 a factor of 4907166?
False
Is 11 a factor of 3916594?
True
Is 17024 a multiple of 28?
True
Is 1758771 a multiple of 739?
False
Does 76 divide 277614?
False
Is 18 a factor of 67846?
False
Is 32 a factor of 366474?
False
Does 12 divide 1856784?
True
Does 83 divide 8593820?
True
Does 224 divide 100576?
True
Does 196 divide 9799439?
False
Does 44 divide 5791331?
False
Is 133858 a multiple of 62?
True
Does 7 divide 106295?
True
Does 28 divide 215674?
False
Is 66 a factor of 444576?
True
Is 187 a factor of 139696?
False
Is 32912 a multiple of 88?
True
Is 1443765 a multiple of 145?
True
Is 2 a factor of 289575?
False
Is 239825 a multiple of 28?
False
Is 5820 a multiple of 20?
True
Is 27 a factor of 1673379?
True
Is 1146734 a multiple of 16?
False
Is 341960 a multiple of 21?
False
Does 38 divide 90024?
False
Does 621 divide 513298?
False
Does 818 divide 771374?
True
Does 9 divide 46892?
False
Does 2 divide 51165?
False
Is 15600 a multiple of 12?
True
Is 12980760 a multiple of 265?
True
Does 45 divide 2552490?
True
Is 133905 a multiple of 15?
True
Is 633700 a multiple of 100?
True
Does 14 divide 896983?
False
Is 6 a factor of 630612?
True
Is 5 a factor of 577447?
False
Does 3 divide 126345?